 = -2*l + 2. Let j be (15/(-9) + 1)*-9 + 2. Calculate q(j).
-14
Let p(u) = 2*u. Let n be (-2)/(-5) - (-14)/(-10). Let m be (n/((-1)/(-6)))/2. Calculate p(m).
-6
Suppose c - 3*f - 4 = 8, 0 = -5*c - 5*f. Let o(s) = -4*s**2 + 2*s**2 - 1 + 0*s**2. Let k(r) = r**2 + r - 1. Let z(x) = -k(x) - o(x). Give z(c).
8
Let o(z) = 0*z + 5*z + 5 - z. Let d(n) = 4*n + 20. Let h be d(-6). Calculate o(h).
-11
Let l = -1 - 0. Let s(i) = 6*i. Let x(u) be the third derivative of -5*u**4/24 + 3*u**2. Let t(h) = -4*s(h) - 3*x(h). Give t(l).
9
Let c(t) be the first derivative of -t**4/4 - 2*t**3/3 - t**2/2 - t - 1. Let f be ((-48)/60)/((-2)/(-5)). Give c(f).
1
Let r(f) be the third derivative of f**4/24 - f**3 - 3*f**2. What is r(3)?
-3
Suppose -2 - 2 = 2*u. Let v(a) = a + 2. What is v(u)?
0
Let r(b) = b**2 + b - 1. Let q(a) = -8*a**2 - 3*a + 9. Let o(f) = q(f) + 6*r(f). Suppose 3*i + 2 = 5*d - 10, 0 = d + 4*i - 7. What is o(d)?
-6
Let v(z) = -7*z**3 + z. Let d = 135 - 136. Determine v(d).
6
Let i(m) = -4*m. Let t(c) = -c**2 - 13*c. Let g be t(-12). Suppose -g*x + 2 = -14*x. Calculate i(x).
4
Suppose 3*h = 3*x + 5 + 1, 2*h - 10 = -x. Let r(o) = -2*o**3 + 2*o**2 + 2*o - 3. What is r(x)?
-7
Let k(z) = 1 + 2 - z + z**2 - 2*z. What is k(4)?
7
Let t(i) = 0*i + 0 - 1 + i. Let w be 35/25 - (-2)/(-5). What is t(w)?
0
Let a(d) = 5*d + 1. Let v = 14 - 9. Suppose -4*i + 3*w + 99 = 0, 3*w + 130 = 5*i - 2*w. Suppose l + i = v*y, 3*l + 2*y - 6 = l. What is a(l)?
-4
Let v(z) = -z**3 - 3*z**2 + 6*z + 2. Suppose -2*h + 16 = -6*h. Determine v(h).
-6
Let x = -96 - -98. Let j(b) be the second derivative of 0 + 1/6*b**3 - b - 5*b**x. What is j(6)?
-4
Let f = 9 + -15. Let c(t) = -2*t - 8. Let q be c(f). Let s(k) = k**3 - 4*k**2 - k + 3. What is s(q)?
-1
Suppose -4 = 4*h, 3*l - 1 + 7 = 3*h. Let f(b) = b. Determine f(l).
-3
Let u(h) be the first derivative of -h**3/3 + 2*h**2 - 4*h - 1. Let s(l) = -3*l - 3*l - 5 + l. Let m be s(-2). Calculate u(m).
-9
Suppose 0 = -4*h - 2*j + j + 28, 0 = -h + j + 2. Let m(f) = f**3 - 6*f**2 - 3*f + 4. What is m(h)?
-14
Suppose -c = 3*c - 12. Let p(j) be the second derivative of 0 + 5/6*j**3 - c*j + 1/20*j**5 + 5/12*j**4 + j**2. Give p(-4).
-2
Suppose 2*b + 0*o - 3 = o, 0 = -2*b + 5*o - 9. Let u(q) = 6*q + 2. Let m(c) be the first derivative of 5*c**2/2 + c - 8. Let z(p) = -5*m(p) + 4*u(p). Give z(b).
0
Let q = -17 + 23. Let t(j) = -j + 1. Determine t(q).
-5
Suppose -9 = -4*h - a, -6 = -5*h + 9*a - 5*a. Let s(r) = r - 1. Let q(z) = -6*z + 1. Let k(g) = -q(g) - 2*s(g). Calculate k(h).
9
Suppose 2*o = 7*o - 30. Let p(w) = -w + 3*w + 0 - 1 - 3. What is p(o)?
8
Let u(v) = -v**2 - 3*v + 1. Let x(c) = -2*c**2 - 5*c + 3. Let s(h) = -5*u(h) + 3*x(h). Calculate s(3).
-5
Let u = 18 + -13. Let t(j) = -j**2 + 4*j - 2. Calculate t(u).
-7
Let i(s) = s + 6. Suppose 0*m = -3*m + 4*f - 11, 0 = 2*m - 2*f + 8. Determine i(m).
1
Let f = 19 + -19. Let s be -3 + f + (-81)/(-9). Let r(j) = j**3 - 7*j**2 + 3*j + 3. Determine r(s).
-15
Let j(m) be the first derivative of m**2/2 - 2*m + 20. Calculate j(-2).
-4
Suppose 0 = 5*l - u - 29, u = 4*l - 5*l + 1. Let r be 4/(-4) - (4 + -7). Let b(a) = -l + 5 - a**r - 4 + 5*a. Give b(3).
2
Let g(w) = -2*w**2 - 1. Let x be 26/3 - 10/15. Suppose -2*j + x = -3*j. Let o(p) = p**2 + 8*p - 1. Let y be o(j). What is g(y)?
-3
Suppose -18 = -2*l - l. Let x(v) = -v**2 + 8*v - 6. Determine x(l).
6
Let x(p) = -17*p**3 - 4 + 3*p**2 + 7*p**3 - 4*p + 11*p**3 + p. Let s be (-1)/((2 + -1)/(-6)). Let a(f) = -f**2 + 6*f - 4. Let j be a(s). What is x(j)?
-8
Suppose 5*u - 5*g = 25, 2*u - 3*g = g + 12. Let w(i) = -25*i - 2 + i**2 + 28*i - 2*i**2. Give w(u).
-6
Let v(a) = 1. Let x(s) be the first derivative of -2*s**3/3 - 3*s**2/2 - 7*s - 8. Let y(p) = 5*v(p) + x(p). What is y(-2)?
-4
Let w(j) = -j**3 + 2*j**2 + 3*j + 4. Let v be w(3). Let y(h) = 5*h - 7. Let i(g) = -9*g + 13. Let d(s) = -4*i(s) - 7*y(s). What is d(v)?
1
Suppose 9 - 6 = 3*x. Let c(i) = 2*i**2 + i**2 + 2*i**2. Calculate c(x).
5
Let l(f) = -f**2 - 2*f - 1. Let z = 0 - 1. Let t be z/1 + -6 + 4. Determine l(t).
-4
Let r(j) = j**2 + 5*j. Suppose 19 = -2*s - 2*s - 5*u, 0 = -4*s + 5*u - 29. What is r(s)?
6
Let w(m) be the second derivative of 3*m + 1/6*m**3 + 7/2*m**2 + 0. Suppose 0*q + 6 = -q - 3*y, 2 = -2*q - y. Determine w(q).
7
Let v(z) = z + 2*z + 5 + 3*z - 8*z. Calculate v(-4).
13
Let f(x) = -x**2 + x + 1. Suppose 2 = -3*u + u. Give f(u).
-1
Let r(a) = -a + 12. Let g(f) = 3*f**2 - 17*f - 15. Let o be g(7). Determine r(o).
-1
Let f(j) = 7*j**2 - 1. Let l(o) = -o**2 + 3*o - 4. Let z be l(3). Let n(p) = 6*p**3 + p + 1. Let h be n(-1). Let s be (z/h)/(4/(-6)). Determine f(s).
6
Let g(k) = k**2 - k - 5. Let c(o) = -2*o + 26. Let h be c(15). Calculate g(h).
15
Let g(i) = -2*i**3 - i**2 - i - 1. Let k be (-4 + -1)*6/15. What is g(k)?
13
Let i(v) = v**3 - 3*v**2 - 2*v + 1. Let l be (21/(-2))/7*-2. Calculate i(l).
-5
Let t(x) = 8*x**3 + x**2 - x - 1. Let w be t(-1). Let i(c) = c**3 + 8*c**2 + 6*c + 4. What is i(w)?
11
Suppose 5 = 11*p - 6*p. Let i(q) = -2*q**3 - 6*q**2 + 5*q - p + 11*q**2 + 3*q**3. Calculate i(-4).
-5
Let w(z) = z**2 - 4*z - 5. Suppose -2*q + 4*q = 12. Let t be 4/(-6)*(-45)/q. What is w(t)?
0
Let p(h) be the second derivative of h**5/20 - 5*h**4/12 - h**3/6 - 2*h**2 + 25*h. Give p(5).
-9
Suppose -19*l + 2 = -18*l. Let o(p) = 5*p - 3. Determine o(l).
7
Suppose -4*j - 4 = 12. Let c be j/5 - 1/5. Let a(i) = -10*i - 1. What is a(c)?
9
Let r be 1/((-1)/2) - 0. Let m be ((-4)/6)/(r/3). Let i(u) be the first derivative of u**3/3 - 3*u**2/2 + u + 16. What is i(m)?
-1
Let w(r) = -8*r**3 + 2*r**2 - 1. Let s be w(-1). Let x = s + -14. Let b(k) = -k**2 - 4*k + 5. What is b(x)?
0
Suppose -3*f = -12, 0*f + 16 = 5*o + 4*f. Suppose 7*y - 5*y - 6 = o. Let m(d) = -d**2 + d + 4. Determine m(y).
-2
Let h(b) = b**3 - 7*b**2 + 6*b - 2. Let x be 4 - (-4)/2 - 0. Calculate h(x).
-2
Let x(v) = -10*v**3 - 7*v**2 + 2*v + 5. Let r(n) = -10*n**3 - 8*n**2 + 2*n + 6. Let w(b) = 6*r(b) - 7*x(b). Determine w(1).
10
Let b = 24 - 7. Suppose -x - 1 = 2*n, -x - 4*x = -n - b. Let m(p) = -2*p**2 - p + 1. What is m(n)?
-5
Let x(b) be the first derivative of -b**4/4 - 2*b**3 + b**2/2 + 2*b + 1. Suppose 3*v + 2*w + 8 = 0, -3*v - 2*v + 4*w = 50. Determine x(v).
-4
Let g = 10 + -5. Let j(m) be the second derivative of -m**4/12 + 5*m**3/6 + m**2/2 - m. Give j(g).
1
Let p(o) be the first derivative of -3 - 1/4*o**4 + 0*o + 0*o**2 + 0*o**3. What is p(2)?
-8
Let g(x) = x - 17. Let f be 8/52 - (-445)/65. What is g(f)?
-10
Let f(i) = -i**3 + 8*i**2 + 10*i - 17. Let t be f(9). Let c(u) = -u**2 - 10*u - 10. Determine c(t).
6
Let y(p) be the third derivative of -1/24*p**4 + 0 + 1/12*p**5 - 1/120*p**6 - p**2 + p**3 + 0*p. Suppose u + 4*q = 13, 3 = 2*u + 4*q - 15. Determine y(u).
1
Let m(g) be the first derivative of g**3/3 + 3*g**2/2 - 3. What is m(-4)?
4
Let c = 25 + -29. Let s(z) be the third derivative of z**4/12 + 2*z**2. Calculate s(c).
-8
Suppose 5*l - 2*l - 36 = 0. Suppose 3*t + 0*t - l = 0. Suppose 7*j - 3*j = t. Let s(b) = 5*b**2 + 1. What is s(j)?
6
Let c = 9 + -3. Let w be (-9)/(3 + c/(-4)). Let s(l) = l**2 + 4*l - 7. What is s(w)?
5
Let i(c) = 3*c**3 + 3*c**2 + 3*c + 1. Let j(q) = 5*q**3 + 7*q**2 + 5*q + 3. Let p(d) = -7*i(d) + 4*j(d). Give p(7).
-2
Let g(o) = -2*o**2 - 7*o - 5. Let p(s) = -5*s**2 - 2*s - s**3 - 3*s**2 + 0*s + 5 + 12*s. Let t be p(-9). What is g(t)?
-9
Suppose 3*m - n + 3 = -2, 0 = 5*n - 25. Let v(p) be the first derivative of -p**4/4 + p**3/3 - p**2/2 - 3*p - 1. Give v(m).
-3
Let s(b) be the third derivative of b**5/60 + 3*b**3/2 - 15*b**2. Let x be 3/(2/(-4) - -2). Let n = -2 + x. Calculate s(n).
9
Let h(l) = l**2 + 3*l - 4. Let p be h(-5). Suppose -2 = b - p. Let j(w) = -w + 2. Determine j(b).
-2
Let f(x) be the third derivative of -x**6/360 + x**5/120 + x**4/12 + x**3/6 + 3*x**2. Let w(r) be the first derivative of f(r). What is w(0)?
2
Let b = 24 + -27. Let f(h) = 3*h + 3. Calculate f(b).
-6
Suppose 0 = 2*m + 6 - 18. Let a(x) = -2*x**2 + 8*x - 13. Let s(j) = j**2 - 4*j + 6. Let f(z) = m*a(z) + 13*s(z). Determine f(4).
0
Let a(c) be the third derivative of -c**9/60480 - c**8/20160 - c**6/720 + c**5/30 + 2*c**2. Let r(i) be the third derivative of a(i). Give r(-2).
3
Let z = -54 - -48. Let d(t) = -t**2 - t + 5.